s digit of v?
2
Let i = -37 - -82. Suppose -66 = -3*z + i. What is the units digit of z?
7
Let w be 4*(1 + 0)/(20/35). Suppose w*h - 6*h = 84. What is the tens digit of h?
8
Let k = 1518 - 947. What is the tens digit of k?
7
Suppose -4*y = 4*q + 3744, -q = 5*y - 0*q + 4692. What is the units digit of y/(-15) - (1 - 35/25)?
3
Let y(a) = -2*a**3 + 21*a**2 - 8*a + 19. What is the hundreds digit of y(9)?
1
Let f(o) = -o**3 - 8*o**2 - 14*o - 11. Let d(l) = 3*l + 19. Let u be d(-9). What is the units digit of f(u)?
1
What is the tens digit of (-1 - (-10)/3)/((-37)/(-555))?
3
Suppose 3*i + 1977 = -161*o + 165*o, 4*o + 2*i = 1962. What is the units digit of o?
2
Let p(o) = -o**3 + 10*o**2 + 5*o - 4. Let n(b) = 1. Let u(x) = -4*n(x) + p(x). Suppose -2*s - 2*s - 24 = -4*k, -2*k + 32 = 3*s. What is the units digit of u(k)?
2
Suppose 6*v - 2*v = 84. Suppose 0 = 5*o, 4*o = -s + 5*s - 56. Let m = s + v. What is the tens digit of m?
3
Suppose -3*m - 768 = -9*m. Suppose 0 = 4*i - 0*d - 3*d - 289, -m = -2*i - 4*d. What is the units digit of i?
0
Suppose 27*z + 4*z = 9331. What is the hundreds digit of z?
3
Let q(r) be the first derivative of r**3/3 - 3*r**2/2 - 8*r + 2. Let s be q(4). What is the tens digit of -8*(-3 + (-2)/s)?
2
Suppose -10*r = -7*r - 654. Suppose 2*t + 118 = p + p, -4*p = 5*t - r. What is the tens digit of p?
5
Suppose -3521 = -7*f - 1253. Let o = f + -188. What is the tens digit of o?
3
Let a be 96/40*3/((-3)/5). What is the units digit of (3 + (-116)/12)*a?
0
Let y = 30 + -51. Let l = -43 + 77. Let t = l + y. What is the units digit of t?
3
Let j(k) = -k - 10. Let p be j(-12). Let i be 96/(p - -1) + 2. Suppose -4*y + 11 = -4*x - 9, 2*y = -4*x + i. What is the units digit of y?
9
Suppose 2*v + 14491 = 5*r - 6658, -2*r + 8450 = 4*v. What is the units digit of r?
9
Suppose z - 4*z + 4*m = -934, 2*z - 600 = -3*m. Suppose -2*i - 259 = -5*k, -5*k - 5*i + z = 26. What is the units digit of k?
3
Let c be (-444)/(-16) - 20/(-80). Suppose u = -2*f - 51, -3*f - 5*u - 48 = -2*f. Let n = c + f. What is the units digit of n?
5
What is the hundreds digit of (24/6 - 2962)/(-2)?
4
Suppose 0 = -5*n - 574 + 1584. What is the tens digit of n?
0
Suppose 26*f - 28*f + 520 = 0. What is the units digit of f?
0
Suppose -5 = m, 5*l + 8*m = 9*m + 3625. What is the tens digit of l?
2
Let q = 1436 - 453. What is the units digit of q?
3
Let l be 2/(-7) + -1 + 6/21. What is the tens digit of 1 - (-38 + 3 - l)?
3
What is the thousands digit of -1 + -9 + (-756918)/(-131)?
5
Suppose -t - 7 = -d, -5*t + 4*d = 13 + 25. Let c(s) = s**2 + 10*s + 12. Let p be c(t). Suppose 4*n = n + p. What is the units digit of n?
4
Suppose 0 = 3*c - 3*z + 9, -5*c + 2*z + 2*z = 14. What is the units digit of 23*c/6*-21?
1
Let j(y) = -34*y + 44. Let f(v) = 7*v - 9. Let x(i) = 11*f(i) + 2*j(i). What is the tens digit of x(5)?
3
Let j = -17 - -20. Let o be j + 1 - (2 + 16). What is the units digit of 4/(-5)*245/o?
4
Let z be 0/2 + 98 + 14. Suppose -274 = -d - 5*s - z, 518 = 3*d - s. What is the hundreds digit of d?
1
Suppose 0 = 7*m + m - 2464. Suppose -7*f = -m - 798. What is the tens digit of f?
5
Suppose 3 = -g - 4*m + 23, 5*g - 2*m = -10. Let i = -16 + 99. Suppose -5*o + 177 + i = g. What is the units digit of o?
2
Let c(d) = -d**3 - d**2 + d - 1. Let b be c(0). Let s be 3 - (b + 1) - 3. What is the tens digit of 17 + (s - (-2 + 3))?
1
Let m(d) = d**2 - 11*d. Let x be m(11). Suppose 4*n - 119 = n + 2*r, x = -4*r + 20. What is the tens digit of n?
4
Suppose -w = -4*b - 36 + 3, 5*b = -4*w - 57. What is the units digit of ((-41)/(-2))/(b/(-18))?
1
Let o be (-3)/2*1/((-9)/6). What is the hundreds digit of (106/4)/(o/4)?
1
Let g be -1*1/(2/10). Let f be 6 + g/(15/9). Suppose 10 = 5*h, -72 = -f*y + y - 2*h. What is the units digit of y?
4
Suppose 4*w + 3*c = -1228, 2*w - 4*c - 116 = -752. Let n = w + 577. What is the tens digit of n?
6
Let l(u) = 23*u**2 - 4*u - 2. Let j(a) = 68*a**2 - 11*a - 6. Let t(v) = 6*j(v) - 17*l(v). What is the units digit of t(2)?
0
Let z(o) = o**3 - 8*o + 2. Suppose -5*n - 19 = -4*b, 0 = -3*b + 6*b + 3*n - 21. Let w be z(b). Suppose 2*l - 7*l = -w. What is the tens digit of l?
3
Let q be -3 - -5 - (-2 - -3). What is the tens digit of 356/(-16)*q*-4?
8
Let c be (-66)/(-24) - (21/12 + -2). Let k(b) = 7*b**2 - 4*b - 1. What is the units digit of k(c)?
0
What is the units digit of 17/(-68) - (-2595)/12?
6
Let w(y) = 163*y**2 - 3*y - 12. What is the units digit of w(-3)?
4
Suppose 0 = -4*g + 11 + 1. Let q = 4 - g. What is the units digit of (3/q - 6)/(-1)?
3
Let a = -38 - -41. Suppose -5*l + 135 = 5*j, 0 = -a*j + 1 + 5. Let q = 26 - l. What is the units digit of q?
1
Suppose -5*p = f - 9, -4*p - 2*f = 2*f - 20. Let a(g) = 6*g - 4. What is the units digit of a(p)?
2
Let a(d) = -18*d**3 - 25*d**2 - 99*d + 3. What is the hundreds digit of a(-6)?
5
What is the hundreds digit of (-8181)/(-21) - (-3)/7?
3
Let l(q) = -q - 6. Let f(k) = 5. Let p(g) = -4*f(g) - 3*l(g). Let s(j) = j**2 - 2*j + 2. Let n be s(2). What is the units digit of p(n)?
4
Suppose -5*m - 279 + 1934 = 4*q, 2*q - 860 = 4*m. What is the tens digit of q?
2
Let j(r) be the first derivative of -r**4/4 - 5*r**3/3 - 9*r**2/2 + 7*r - 23. What is the units digit of j(-5)?
2
Let b be -70*(2/(-4) + 0). Let l be (-4)/40*-10 - 1*10. Let s = l + b. What is the tens digit of s?
2
Let z = 3210 + -1722. What is the hundreds digit of z?
4
Suppose 112*y - 117*y = -13455. What is the tens digit of y?
9
Let w be 0 + (-1 - -98) - -1. Suppose -2*q + 0*q + w = 0. What is the units digit of q?
9
Let r = 343 - 63. What is the hundreds digit of (-45)/4*r/(-21)?
1
Let k = -258 - -607. What is the tens digit of k?
4
Let r = 2101 - 1285. What is the tens digit of r?
1
Let f = 9 + -41. Let a = f + 20. What is the tens digit of 2*33/a*-10?
5
Suppose -4*u - 3*u = 2*u. Suppose -4*v = 3 - 31. What is the units digit of 1 + (v + -2 - u)?
6
Let f = 263 + 367. What is the tens digit of f?
3
Let p = 19 + -19. Suppose p = -2*m - 3*j + 13, -2*m - 5*j - 4 = -23. Suppose -2*s = 2*f - 90, -132 = -4*f + f - m*s. What is the tens digit of f?
4
Suppose -4*p - 4*r + 252 = 0, 0 = -2*p + 5*r + 70 + 63. What is the units digit of p?
4
Suppose 2240 = -8*u + 16*u. What is the units digit of u?
0
What is the hundreds digit of 4/(-14) + 18489/7?
6
Let h(r) = 163*r - 70. What is the hundreds digit of h(6)?
9
Suppose -5*t + 93 = -2*m, 5*t - 96 = -0*m - m. Suppose 0 = -3*b + 3*w - 5*w + t, 0 = -2*b + 2*w + 6. Suppose 23 = b*r - 32. What is the units digit of r?
1
Let k(o) = 18*o**3. Let y be k(1). Suppose 7*w + 253 = y*w. What is the units digit of w?
3
Suppose -52*f + 7722 = -41*f. What is the units digit of f?
2
Suppose 0*v - 1885 = -3*x + 2*v, 4 = v. What is the hundreds digit of x?
6
Let s(r) = -r**3 - 9*r**2 + 13*r + 4. Let f be s(-10). Let k = f + 30. Suppose 0 = 4*t, 0 = z + k*t - t - 46. What is the tens digit of z?
4
Let n = -1 + 4. Suppose 0 = n*r - 12*r + 387. What is the units digit of r?
3
Let z = -30 - -229. Let m = 334 - z. What is the units digit of m?
5
What is the hundreds digit of 1*(-9)/6*(-788)/6?
1
Let a = 22 - 2. Suppose -m = -6*m - a. Let h = 35 + m. What is the tens digit of h?
3
Suppose -40*w + 38*w + 1438 = 0. What is the units digit of w?
9
Suppose -9*h - 4*u + 10034 = -6*h, h - 3*u - 3349 = 0. What is the hundreds digit of h?
3
What is the hundreds digit of 921/1 - 6*22/(-33)?
9
Let f = -263 - -66. Let o = -126 - f. What is the tens digit of o?
7
Let a = 2215 - 1047. What is the hundreds digit of a?
1
Let r = 4 - -17. Suppose -d = -r - 24. Let b = d + -16. What is the units digit of b?
9
Suppose 15*j - 34255 = -16*j. What is the hundreds digit of j?
1
Suppose -8*i - 16 = 0, -u - 4*u + 24734 = -2*i. What is the units digit of u?
6
Let g(b) = b**2 - 14*b - 37. What is the tens digit of g(-14)?
5
Suppose -i + 6162 = 4*u, -5*u + 11*i + 7696 = 9*i. What is the tens digit of u?
4
Let d(p) be the second derivative of 3*p**4/4 - p**3/2 + 3*p**2 - p. Let q(k) = -4*k**2 + k - 3. Let n(f) = 3*d(f) + 5*q(f). What is the tens digit of n(2)?
2
Let i = -1931 - -2776. What is the tens digit of i?
4
Let a = -2067 - -4266. What is the units digit of a?
9
Let b(r) = -r**3 - 6*r**2 + 8*r - 6. Let v be b(-7). Let z(m) = -m**3 - 12*m**2 + 9*m - 18. What is the